et c = 2 + 1. Let j(a) = a + a**2 - c*a**2 + a**3 + 0*a**2 + 0*a**2. Determine j(2).
2
Let f(r) be the third derivative of -1/6*r**3 + 0*r - 2*r**2 + 0 - 1/4*r**4 - 1/360*r**6 + 1/20*r**5. Let w(x) be the first derivative of f(x). What is w(4)?
2
Let j = 7 + -11. Let a be 1*(1*j)/(-2). Let q(u) be the second derivative of u**4/6 - u**3/2 + u**2 - 2*u. What is q(a)?
4
Let c(f) = -f**2 - 1. Let n be (-2)/(-2 - (-10)/4). Let h = n - -5. Let a be (4 - 3) + -1*h. Give c(a).
-1
Let q(r) be the third derivative of -r**6/120 - r**5/15 + r**3/6 + 2*r**2. Let m = 4 + -10. Let h(d) = d + 4. Let o be h(m). Give q(o).
-7
Let k(j) be the first derivative of -j**3/6 - 3*j**2 + 11*j - 4. Let q(s) be the first derivative of k(s). Calculate q(0).
-6
Let c(n) = -n**3 - 4*n**2 - 3*n - 4. Suppose 0 = -4*j + 10 + 6. Suppose -j*k = 5 + 7. Give c(k).
-4
Let h(o) = o**2 - 4*o + 2. Let w be (-4 - -6)/2*3. What is h(w)?
-1
Suppose 2*u + 0*u - 6 = 0. Suppose u*g + g = -12. Let v(k) = 3 - 1 + 0*k - k. Determine v(g).
5
Let y(c) be the first derivative of -7*c**2/2 + 3*c + 1. Let q = 0 - -3. Let k(u) = 6*u - 3. Let n(d) = q*y(d) + 4*k(d). Calculate n(3).
6
Let r(h) be the third derivative of 0 + 0*h - 1/12*h**4 - 1/2*h**3 + h**2. Let b(m) = -2*m. Let p be b(1). Determine r(p).
1
Let j = -1 - 0. Let h(f) be the first derivative of 7/3*f**3 + 0*f**2 + 2 + 0*f. What is h(j)?
7
Let g(m) = 0*m + 12 - 13 - 2*m. Let k = -2 + 0. Determine g(k).
3
Let p(z) = -2*z. Let b be p(-1). Let i(l) = -8*l + 2*l**b - 1 + 4 + 2*l. Let v(q) = q**2 - 6*q + 4. Let r be v(6). Give i(r).
11
Let c = 18 - 13. Let h(t) = t**3 - t - t**2 - 3*t**2 - t**2 - 2. What is h(c)?
-7
Let u = 5 + -2. Let m(i) = -5*i - 2*i + i - u*i. What is m(1)?
-9
Suppose 4 = -r + 2*r. Let j(o) = 2*o**2 + 4*o - 4. Let z be j(-3). Let s(i) = r*i**3 + 0 - 1 + z*i + 0*i. Determine s(1).
5
Let l(h) = -21*h**2 - 2*h + 1. Let q be 3 + (-33)/9 - (-10)/6. Calculate l(q).
-22
Let y(t) = -t - 8. Suppose 6*k - 38 = 4. Calculate y(k).
-15
Let n(k) = k**3 - 3*k**2 + 5*k - 4. Suppose 15*v - 27 = 6*v. Calculate n(v).
11
Let l(h) = h**3 - 5*h**2 + 4*h + 5. Suppose 5*o + 0*o + 20 = 0, -2*o - 20 = -3*q. Suppose j - q*j = -6. Suppose 3*n + 4 = 4*g - 6, 5*n = j*g + 2. Give l(g).
5
Let l(g) = g**3 - 5*g**2 - g + 1. Let t = 71 + -66. Give l(t).
-4
Let j = 0 - -2. Suppose j + 4 = 2*b. Suppose -2*m + b*u = -17, 0 = -0*m + 5*m - 3*u - 20. Let y(x) = 10*x - 1. Calculate y(m).
9
Let k(t) = -t**2 - 3*t + 3. Let u be k(-3). Let i(d) = d - 13. Let r(q) = q - 6. Let o(f) = 2*i(f) - 5*r(f). Calculate o(u).
-5
Suppose 7 = -4*j + 23. Let i = -4 + j. Let a(o) = o**3 + o - 6. Calculate a(i).
-6
Let i = -2 - -6. Suppose a = 4*l + 3, 2*a = i*l + 2 + 4. Let w(b) = -b**2 + 2*b. Give w(a).
-3
Let u(d) = -d. Let i(o) = -o**2 + 4*o - 3. Let m be i(2). Suppose 5*p + m = 6. Let f(t) = 1. Let k(q) = p*u(q) + 3*f(q). Calculate k(3).
0
Let a be (-6)/(-4) - (-5)/10. Let g be 24/20*(-5)/a. Let f(k) = k - 3. What is f(g)?
-6
Let w(z) = z**2 + 7*z - 1. Let s(o) = -2*o**2 - 2*o + 1. Let q be s(1). Calculate w(q).
-13
Suppose 0 = d + 1 - 6. Let z(p) be the first derivative of p**2/2 - 5*p + 33. Give z(d).
0
Suppose y - 4*y + 12 = 0. Suppose -p = y*p - 50. Let f be 66/(-15) - (-4)/p. Let c(v) = v**3 + 3*v**2 - 3*v - 3. Give c(f).
-7
Let f(s) = -5 - 2*s + 4 - 1. What is f(2)?
-6
Suppose 4*h + 16 = -0*h. Let f(i) = i + 5. Let l be f(h). Let u(a) be the first derivative of -a**4/4 - a**2/2 + a - 1. Determine u(l).
-1
Suppose -v + 3 = 5*i + 4, -5*i = 3*v - 7. Let j be i + (3 - 0/3). Let q be 6/j + (0 - -1). Let c(d) = -d**2 + d + 5. Give c(q).
-7
Let n(x) = 2*x**2 - 10*x - 10. Let d(t) = t**3 + t**2 - t - 3. Let l be d(0). Let r(g) = -5*g**2 + 29*g + 29. Let b(m) = l*r(m) - 8*n(m). Determine b(-5).
3
Let n(h) = 7*h**2 + 5*h - 13. Let s(w) = -6*w**2 - 5*w + 12. Suppose 2*k - 3 = 7. Let z(v) = k*n(v) + 6*s(v). Let g be (-2)/(-6) + 32/(-6). Give z(g).
7
Let g(x) = -2*x**3 - 15*x**2 + 9*x + 4. Let y(h) = -h**3 - 8*h**2 + 5*h + 2. Let p(o) = 6*g(o) - 11*y(o). Let d = -7 - -5. Calculate p(d).
4
Suppose -2*h - 2*h - k - 24 = 0, 2*h + k + 12 = 0. Let x(u) be the third derivative of -u**6/120 - 7*u**5/60 - u**4/3 - 7*u**3/6 - u**2. Give x(h).
5
Let n(u) = 4*u - u**2 - 3 - 4*u + 8*u + 0*u**2. Determine n(3).
12
Let t(v) = -v**2 + 6*v - 6. Let d(k) = 0*k + 4*k - 3 + 0*k. Let a be d(2). Calculate t(a).
-1
Let z(c) be the third derivative of c**5/30 - c**4/24 + c**3/6 + 15*c**2. Give z(2).
7
Let m(g) = 1 + 3*g**2 - 6*g**2 - 2 + 2. Let c(a) = -a**2 - 2*a + 4. Let v(k) = -k + 1. Let z(j) = -c(j) + 3*v(j). Let y be z(2). Give m(y).
-2
Let b(v) = -18 + 9*v - 2*v - 3*v - 5*v. What is b(-8)?
-10
Let z(s) = 10*s**2 + 4*s + 3. Let a(j) be the first derivative of 7*j**3/3 + 3*j**2/2 + 2*j + 3. Let l(g) = -7*a(g) + 5*z(g). Determine l(1).
1
Suppose -7*a = -3*a. Let r = a + -1. Let g be (-5 - -2) + 1/r. Let b(p) = -p**2 - 5*p - 6. Calculate b(g).
-2
Let s(b) be the third derivative of b**6/24 + b**3/6 + 2*b**2. Let p be s(-1). Let m(o) = -o**3 - 5*o**2 - 6*o - 2. What is m(p)?
6
Let r be (2 + -1)/(2/10). Let z(a) = -3*a + 0*a - 1 + a + 4 + a. Calculate z(r).
-2
Let y be 2 + -2 - (-1 + 0). Suppose 0*v = 3*v - 6. Let r(a) = -5*a + 4*a + a**2 - 4*a**v. Give r(y).
-4
Let g(w) be the first derivative of w**3/6 + 4*w**2 + 2*w + 2. Let s(k) be the first derivative of g(k). Determine s(-6).
2
Let h(q) = -q**3 + 3*q**2 - 4*q + 2. Let k be 3 + (1 - 1) + -1. Calculate h(k).
-2
Let d = 3 + -1. Let p(c) = -2*c + c**2 + 10*c - 2 - c - d*c. Calculate p(-5).
-2
Let j(q) be the first derivative of -q**6/120 + q**5/10 - q**4/6 + 7*q**2/2 - 2. Let t(r) be the second derivative of j(r). Give t(5).
5
Let c(l) = l**3 - 5*l**2 + 4*l + 1. Suppose -a = -5*a. Suppose a = -f - f + 8. Determine c(f).
1
Let u = -3 - -3. Let k(g) = u*g - 3 - g**3 + 1 + 1 - 5*g + 6*g**2. What is k(5)?
-1
Let z(p) = p**3 + 3*p**2 + p + 1. Let c = 14 - 25. Suppose -5*i = -0*y + 5*y - 35, -y - 3*i = -5. Let l = y + c. Determine z(l).
-2
Let d = 84/5 - 469/30. Let r(g) be the second derivative of 0 - 1/20*g**5 - 5/12*g**4 - 2*g**2 - g - d*g**3. Calculate r(-4).
8
Let b(q) = q - 5 + 2*q + 23*q**2 - 22*q**2 + 3*q. Let i(r) = -r**2 + 3*r + 4. Let k be i(5). Determine b(k).
-5
Let d(q) be the second derivative of q**7/2520 - q**6/120 + q**5/24 - q**4/3 - 3*q. Let f(r) be the third derivative of d(r). Determine f(5).
0
Suppose 0 = -2*w - w + 6. Let k(s) = -14 - s**w + 2*s**2 + 9 + 4*s. Determine k(-4).
-5
Suppose 0*c - 3*y = 5*c - 24, -2*c - 6 = -4*y. Suppose 3*v - 6 = c. Let b(z) = z**3 - 2*z**2 - 4*z + 3. Give b(v).
0
Let q(d) = d**2 - 5. Suppose -2 = -5*o + 8. Let y(v) = -v**3 + 2*v**2 + v - 2. Let s be y(o). Give q(s).
-5
Let i(r) be the second derivative of 11*r**4/6 - 5*r. Determine i(-1).
22
Let b(z) = -7*z**2 + 1 + z**3 + 2*z**2 - z + 7*z**2. Let g(k) = k - 9. Let s = 3 - -3. Let m be g(s). What is b(m)?
-5
Let z(h) = h - 3. Let x be 2/(-7) - (-57)/(-21). Let j(w) = w - 3. Let q(r) = x*z(r) + 2*j(r). Determine q(-3).
6
Let t(z) be the third derivative of 5*z**4/24 + z**3/3 + z**2. Let k(s) = s**2 - 5*s + 3. Let o be k(2). Let l be o/(10/4 - 1). Determine t(l).
-8
Suppose -2 = -4*q - 3*m, -2*q - 4*m = 2*q. Let a(i) = -3*i**q + i**3 - 3*i**2 + 2*i - 1 + 3*i + i. Let s = 10 - 5. Calculate a(s).
4
Let a(z) be the third derivative of 2*z**2 + 1/8*z**4 + 0*z**3 - 1/15*z**5 + 0*z + 0. Suppose 3 = -o + 5. Give a(o).
-10
Let m(d) = -d**2 + d + 5. Let o(n) = n**2 + 11*n - 16. Let k be o(-12). Calculate m(k).
-15
Let r(c) be the first derivative of -c**4/4 + 2*c**3 + 5*c + 7. Determine r(6).
5
Let t(o) = 4*o**2 + 6*o + 11. Let n(p) = -11*p**2 - 19*p - 32. Let a(j) = 3*n(j) + 8*t(j). Calculate a(-7).
6
Let m be (-12)/(-8)*(-4)/3. Let x = 4 + m. Let d(l) = -x*l**2 + 3*l**2 - 7 + 0. What is d(0)?
-7
Let t(p) = -2*p + 1. Suppose -4*d - 4*g + 96 = 0, -3*d + 32 + 48 = 5*g. Suppose 2*y + d = 6*y. Suppose y*h - 4 = h. Give t(h).
-1
Let k be (-2)/12*-2*3. Let p = k + -1. Let v(i) = -i**3 - 5. Determine v(p).
-5
Let n(d) = 2*d**2 + d + 5 + 1 - 4. Let x(h) = -h**2 - 11*h + 4. Let y be x(-11). Suppose 0 = u + u + y. Give n(u).
8
Let n(d) = -d - d**3 - 4*d**2 + 4*d**2 + 6 + 5*d**2. Let z(a) = -a**3 - 7*a**2 - 10*a + 5. Let g be z(-5). What is n(g)?
1
Suppose -24 = -4*g + 4*z